en 29290 is divided by 813.
22
What is the remainder when 7472 is divided by 7425?
47
What is the remainder when 26363 is divided by 6588?
11
Calculate the remainder when 1022038 is divided by 102.
100
What is the remainder when 8255 is divided by 765?
605
Calculate the remainder when 2984 is divided by 363.
80
Calculate the remainder when 484871 is divided by 14.
9
What is the remainder when 75697 is divided by 37?
32
What is the remainder when 78157 is divided by 16?
13
Calculate the remainder when 33575 is divided by 26.
9
What is the remainder when 6317 is divided by 67?
19
Calculate the remainder when 33800 is divided by 25.
0
What is the remainder when 192706 is divided by 404?
402
What is the remainder when 42654 is divided by 15?
9
What is the remainder when 55620 is divided by 3706?
30
What is the remainder when 76 is divided by 30?
16
What is the remainder when 38103 is divided by 12698?
9
What is the remainder when 3466838 is divided by 104?
102
What is the remainder when 360 is divided by 50?
10
What is the remainder when 13974 is divided by 74?
62
What is the remainder when 13270 is divided by 358?
24
What is the remainder when 167876 is divided by 17?
1
Calculate the remainder when 1086164 is divided by 278.
18
Calculate the remainder when 62084 is divided by 391.
306
What is the remainder when 10154 is divided by 47?
2
Calculate the remainder when 11597 is divided by 116.
113
What is the remainder when 8753840 is divided by 521?
519
Calculate the remainder when 2188 is divided by 501.
184
What is the remainder when 6860 is divided by 728?
308
Calculate the remainder when 188 is divided by 43.
16
What is the remainder when 2108 is divided by 156?
80
What is the remainder when 17042 is divided by 1680?
242
What is the remainder when 1138073 is divided by 240?
233
What is the remainder when 540145 is divided by 25?
20
What is the remainder when 27657 is divided by 96?
9
What is the remainder when 2558 is divided by 277?
65
Calculate the remainder when 1711 is divided by 1662.
49
Calculate the remainder when 64349 is divided by 39.
38
Calculate the remainder when 9875 is divided by 9870.
5
What is the remainder when 6458 is divided by 566?
232
What is the remainder when 4809 is divided by 31?
4
Calculate the remainder when 10149 is divided by 300.
249
Calculate the remainder when 415296 is divided by 1616.
1600
Calculate the remainder when 74325 is divided by 37139.
47
What is the remainder when 464930 is divided by 52?
50
Calculate the remainder when 51442 is divided by 3026.
0
Calculate the remainder when 305597 is divided by 20.
17
What is the remainder when 225714 is divided by 270?
264
What is the remainder when 70359 is divided by 96?
87
What is the remainder when 3026 is divided by 46?
36
Calculate the remainder when 15340 is divided by 32.
12
Calculate the remainder when 43552 is divided by 264.
256
What is the remainder when 123778 is divided by 967?
2
Calculate the remainder when 37667 is divided by 34.
29
Calculate the remainder when 14542 is divided by 396.
286
Calculate the remainder when 1890 is divided by 1504.
386
Calculate the remainder when 3090 is divided by 2126.
964
What is the remainder when 74152 is divided by 36?
28
What is the remainder when 36650 is divided by 8?
2
What is the remainder when 2952 is divided by 135?
117
What is the remainder when 60997 is divided by 20311?
64
Calculate the remainder when 5225273 is divided by 997.
993
Calculate the remainder when 388834 is divided by 21.
19
What is the remainder when 17143 is divided by 8302?
539
Calculate the remainder when 1080 is divided by 446.
188
What is the remainder when 7386 is divided by 64?
26
Calculate the remainder when 4939 is divided by 177.
160
Calculate the remainder when 252318 is divided by 74.
52
What is the remainder when 11967 is divided by 140?
67
What is the remainder when 7359 is divided by 119?
100
Calculate the remainder when 9073 is divided by 30.
13
Calculate the remainder when 40465 is divided by 355.
350
What is the remainder when 174164 is divided by 15?
14
What is the remainder when 5214123 is divided by 101?
99
What is the remainder when 31116 is divided by 741?
735
What is the remainder when 27656 is divided by 1639?
1432
Calculate the remainder when 16082 is divided by 130.
92
Calculate the remainder when 90022 is divided by 39.
10
What is the remainder when 13766 is divided by 373?
338
What is the remainder when 2001 is divided by 619?
144
What is the remainder when 24077 is divided by 70?
67
What is the remainder when 357369 is divided by 859?
25
What is the remainder when 32042 is divided by 1038?
902
Calculate the remainder when 108491 is divided by 317.
77
What is the remainder when 42252 is divided by 47?
46
Calculate the remainder when 44261 is divided by 96.
5
Calculate the remainder when 3973 is divided by 3949.
24
Calculate the remainder when 64140 is divided by 26.
24
What is the remainder when 188946 is divided by 741?
732
Calculate the remainder when 370147 is divided by 345.
307
Calculate the remainder when 25271 is divided by 81.
80
Calculate the remainder when 176905 is divided by 17676.
145
Calculate the remainder when 30473 is divided by 38.
35
Calculate the remainder when 19968 is divided by 1329.
33
What is the remainder when 40123 is divided by 11?
6
What is the remainder when 2289162 is divided by 65?
57
Calculate the remainder when 19743 is divided by 790.
783
What is the remainder when 1094 is divided by 547?
0
What is the remainder when 805756 is divided by 94?
82
What is the remainder when 494144 is divided by 269?
260
Calculate the remainder when 10639 is divided by 248.
223
Calculate the remainder when 5376082 is divided by 73.
70
What is the remainder when 17930 is divided by 49?
45
What is the remainder when 21580 is divided by 7182?
34
Calculate the remainder when 2059608 is divided by 158431.
5
Calculate the remainder when 67305 is divided by 7477.
12
What is the remainder when 3801 is divided by 368?
121
What is the remainder when 3472 is divided by 3221?
251
What is the remainder when 2193 is divided by 268?
49
What is the remainder when 196571 is divided by 36?
11
Calculate the remainder when 628786 is divided by 60.
46
Calculate the remainder when 95515 is divided by 215.
55
Calculate the remainder when 7516 is divided by 71.
61
Calculate the remainder when 18278 is divided by 833.
785
Calculate the remainder when 4325 is divided by 1427.
44
What is the remainder when 4344 is divided by 107?
64
What is the remainder when 473634 is divided by 26?
18
What is the remainder when 59989 is divided by 6664?
13
Calculate the remainder when 1246 is divided by 1210.
36
What is the remainder when 98842 is divided by 63?
58
Calculate the remainder when 166311 is divided by 53.
50
Calculate the remainder when 111164 is divided by 24.
20
What is the remainder when 110992 is divided by 55491?
10
Calculate the remainder when 102985 is divided by 2710.
5
Calculate the remainder when 1309 is divided by 1252.
57
What is the remainder when 32716 is divided by 564?
4
What is the remainder when 6586 is divided by 60?
46
Calculate the remainder when 1699 is divided by 25.
24
Calculate the remainder when 642 is divided by 455.
187
Calculate the remainder when 5117 is divided by 2503.
111
Calculate the remainder when 24897 is divided by 26.
15
Calculate the remainder when 39654 is divided by 46.
2
What is the remainder when 5033 is divided by 50?
33
What is the remainder when 6605 is divided by 16?
13
What is the remainder when 1029062 is divided by 21?
20
What is the remainder when 604 is divided by 67?
1
What is the remainder when 396142 is divided by 586?
6
Calculate the remainder when 551 is divided by 36.
11
Calculate the remainder when 2431 is divided by 863.
705
What is the remainder when 81285 is divided by 713?
3
What is the remainder when 15312 is divided by 28?
24
What is the remainder when 15511 is divided by 15460?
51
What is the remainder when 25986 is divided by 265?
16
What is the remainder when 405338 is divided by 40?
18
Calculate the remainder when 3504 is divided by 185.
174
Calculate the remainder when 2698 is divided by 109.
82
What is the remainder when 4583 is divided by 226?
63
Calc